7
What is the thousands digit of 7319?
7
What is the hundreds digit of 1448?
4
What is the thousands digit of 25084?
5
What is the thousands digit of 7368?
7
What is the thousands digit of 4486?
4
What is the thousands digit of 1197?
1
What is the units digit of 618?
8
What is the units digit of 825?
5
What is the tens digit of 4126?
2
What is the tens digit of 35596?
9
What is the thousands digit of 5150?
5
What is the hundreds digit of 79510?
5
What is the tens digit of 5982?
8
What is the ten thousands digit of 37493?
3
What is the tens digit of 1059?
5
What is the hundreds digit of 1890?
8
What is the units digit of 150?
0
What is the tens digit of 60?
6
What is the hundreds digit of 3318?
3
What is the hundreds digit of 904?
9
What is the ten thousands digit of 162985?
6
What is the tens digit of 14602?
0
What is the hundreds digit of 35090?
0
What is the units digit of 5100?
0
What is the tens digit of 2658?
5
What is the units digit of 5886?
6
What is the units digit of 90368?
8
What is the tens digit of 8545?
4
What is the hundreds digit of 109515?
5
What is the hundreds digit of 345?
3
What is the units digit of 39437?
7
What is the thousands digit of 2083?
2
What is the units digit of 374?
4
What is the hundreds digit of 883?
8
What is the tens digit of 3467?
6
What is the tens digit of 40468?
6
What is the thousands digit of 47211?
7
What is the tens digit of 60254?
5
What is the tens digit of 8371?
7
What is the tens digit of 4389?
8
What is the units digit of 156452?
2
What is the hundreds digit of 1313?
3
What is the thousands digit of 1984?
1
What is the tens digit of 3450?
5
What is the ten thousands digit of 14820?
1
What is the thousands digit of 8576?
8
What is the thousands digit of 2143?
2
What is the thousands digit of 154309?
4
What is the tens digit of 1230?
3
What is the units digit of 822?
2
What is the hundreds digit of 173091?
0
What is the hundreds digit of 1723?
7
What is the hundreds digit of 38811?
8
What is the hundreds digit of 256?
2
What is the thousands digit of 2908?
2
What is the hundreds digit of 773?
7
What is the thousands digit of 5420?
5
What is the hundreds digit of 622?
6
What is the units digit of 1466?
6
What is the hundreds digit of 1692?
6
What is the units digit of 1752?
2
What is the hundreds digit of 1632?
6
What is the units digit of 1690?
0
What is the thousands digit of 15836?
5
What is the units digit of 64133?
3
What is the hundreds digit of 50522?
5
What is the hundreds digit of 4411?
4
What is the thousands digit of 2926?
2
What is the units digit of 2522?
2
What is the thousands digit of 10461?
0
What is the hundreds digit of 804?
8
What is the tens digit of 117477?
7
What is the units digit of 25398?
8
What is the tens digit of 12904?
0
What is the ten thousands digit of 161860?
6
What is the units digit of 3538?
8
What is the tens digit of 1535?
3
What is the tens digit of 1586?
8
What is the hundreds digit of 97595?
5
What is the ten thousands digit of 41004?
4
What is the tens digit of 5928?
2
What is the thousands digit of 1079?
1
What is the thousands digit of 40818?
0
What is the tens digit of 5904?
0
What is the units digit of 5638?
8
What is the ten thousands digit of 50373?
5
What is the units digit of 512?
2
What is the hundreds digit of 2170?
1
What is the hundreds digit of 13848?
8
What is the units digit of 111?
1
What is the tens digit of 37634?
3
What is the units digit of 2583?
3
What is the hundreds digit of 20580?
5
What is the hundreds digit of 12704?
7
What is the hundreds digit of 136748?
7
What is the thousands digit of 59832?
9
What is the thousands digit of 91583?
1
What is the thousands digit of 20084?
0
What is the tens digit of 1927?
2
What is the ten thousands digit of 18449?
1
What is the hundreds digit of 1247?
2
What is the hundreds digit of 440?
4
What is the thousands digit of 5516?
5
What is the thousands digit of 12868?
2
What is the units digit of 3648?
8
What is the thousands digit of 2154?
2
What is the thousands digit of 7129?
7
What is the units digit of 2050?
0
What is the units digit of 23426?
6
What is the units digit of 319?
9
What is the ten thousands digit of 88286?
8
What is the tens digit of 4675?
7
What is the hundreds digit of 42209?
2
What is the tens digit of 1792?
9
What is the hundreds digit of 3112?
1
What is the thousands digit of 12547?
2
What is the hundreds digit of 3806?
8
What is the hundreds digit of 514?
5
What is the tens digit of 54718?
1
What is the thousands digit of 54322?
4
What is the tens digit of 1901?
0
What is the units digit of 11354?
4
What is the units digit of 7057?
7
What is the thousands digit of 1719?
1
What is the units digit of 2951?
1
What is the hundreds digit of 688?
6
What is the tens digit of 471?
7
What is the thousands digit of 49587?
9
What is the ten thousands digit of 15183?
1
What is the thousands digit of 88082?
8
What is the units digit of 1130?
0
What is the tens digit of 81615?
1
What is the units digit of 1567?
7
What is the units digit of 5332?
2
What is the units digit of 53804?
4
What is the hundreds digit of 2665?
6
What is the thousands digit of 4078?
4
What is the thousands digit of 4303?
4
What is the thousands digit of 1091?
1
What is the units digit of 10443?
3
What is the hundreds digit of 15730?
7
What is the ten thousands digit of 13372?
1
What is the thousands digit of 4300?
4
What is the hundreds digit of 23122?
1
What is the hundreds digit of 107?
1
What is the thousands digit of 4953?
4
What is the tens digit of 1341?
4
What is the units digit of 12607?
7
What is the hundreds digit of 13427?
4
What is the hundreds digit of 1003?
0
What is the units digit of 28998?
8
What is the tens digit of 12816?
1
What is the tens digit of 1220?
2
What is the units digit of 9349?
9
What is the tens digit of 1192?
9
What is the tens digit of 11449?
4
What is the tens digit of 65080?
8
What is the ten thousands digit of 33998?
3
What is the hundreds digit of 4515?
5
What is the ten thousands digit of 79082?
7
What is the tens digit of 63867?
6
What is the units digit of 751?
1
What is the thousands digit of 1686?
1
What is the units digit of 3734?
4
What is the tens digit of 7767?
6
What is the units digit of 6217?
7
What is the units digit of 16382?
2
What is the hundreds digit of 629?
6
What is the thousands digit of 1006?
1
What is the tens digit of 22023?
2
What is the hundreds digit of 27151?
1
What is the tens digit of 16871?
7
What is the tens digit of 6421?
2
What is the thousands digit of 39179?
9
What is the thousands digit of 56669?
6
What is the hundreds digit of 12229?
2
What is the tens digit of 2158?
5
What is the hundreds digit of 3866?
8
What is the ten thousands digit of 31140?
3
What is the units digit of 31063?
3
What is the hundreds digit of 1019?
0
What is the thousands digit of 2743?
2
What is the tens digit of 1387?
8
What is the tens digit of 1533?
3
What is the tens digit of 114858?
5
What is the ten thousands digit of 195299?
9
What is the units digit of 8098?
8
What is the hundreds digit of 511?
5
What is the hundreds digit of 1057?
0
What is the tens digit of 13178?
7
What is the hundreds digit of 6411?
4
What is the tens digit of 25977?
7
What is the tens digit of 31049?
4
What is the units digit of 3502?
2
What is the hundreds digit of 4941?
9
What is the hundreds digit of 55017?
0
What is the ten thousands digit of 13652?
1
What is the tens digit of 2031?
3
What is the units digit of 2576?
6
What is the hundreds digit of 136?
1
What is the tens digit of 36873?
7
What is the hundreds digit of 539?
5
What is the thousands digit of 38057?
8
What is the tens digit of 4190?
9
What is the thousands digit of 76999?
6
What is the tens digit of 2273?
7
What is the units digit of 31697?
7
What is the tens digit of 64?
6
What is the tens digit of 12561?
6
What is the tens digit of 42099?
9
What is the thousands digit of 5197?
5
What is the ten thousands digit of 103788?
0
What is the units digit of 26604?
4
What is the thousands digit of 1349?
1
What is the tens digit of 141?
4
What is the tens digit of 447?
4
What is the thousands digit of 5153?
5
What is the units digit of 168206?
6
What is the units digit of 7304?
4
What is the units digit of 20791?
1
What 